83348953 composite?
True
Is 103877183 prime?
True
Is 2352323 a prime number?
True
Is 180298618 a composite number?
True
Is 48387203 a composite number?
False
Is 248816989 prime?
False
Is 302551943 a composite number?
False
Is 1825262 composite?
True
Is 578117 prime?
True
Is 12548633 composite?
False
Is 1749017 prime?
False
Is 38925902 a composite number?
True
Is 735907 composite?
True
Is 2984039 a composite number?
False
Is 29870039 prime?
True
Is 915913 composite?
True
Is 32601103 a prime number?
True
Is 22468213 a prime number?
False
Is 96724297 a composite number?
False
Is 554645027 a prime number?
True
Is 27563423 a prime number?
False
Is 72786953 a prime number?
True
Is 43225771 a prime number?
True
Is 510844487 a composite number?
True
Is 52471339 a prime number?
False
Is 224126957 composite?
True
Is 19651951 prime?
False
Is 27853817 a prime number?
True
Is 8840581 a composite number?
False
Is 35076927 prime?
False
Is 44798837 a prime number?
True
Is 111807131 a composite number?
False
Is 1272787 prime?
False
Is 673257263 a prime number?
False
Is 18227147 a prime number?
True
Is 15737354 a composite number?
True
Is 285579601 composite?
False
Is 15857227 a composite number?
False
Is 14545543 a prime number?
True
Is 20928703 prime?
True
Is 45420185 prime?
False
Is 17084981 composite?
False
Is 29158267 composite?
False
Is 285485143 a composite number?
False
Is 666196703 a composite number?
False
Is 229431619 composite?
False
Is 106120393 a prime number?
True
Is 3522257 composite?
True
Is 69399179 composite?
True
Is 23933471 prime?
False
Is 812991131 composite?
False
Is 67626953 composite?
True
Is 5743561 composite?
True
Is 363659 a composite number?
False
Is 200579501 prime?
True
Is 6711398 a prime number?
False
Is 518680831 prime?
False
Is 215559251 a prime number?
False
Is 165773 composite?
True
Is 28258537 composite?
True
Is 30674599 prime?
True
Is 165079 composite?
False
Is 2828717 composite?
False
Is 12688297 composite?
False
Is 2221397 prime?
False
Is 7680247 a prime number?
True
Is 16546043 composite?
False
Is 2209409 a composite number?
False
Is 14842969 a prime number?
True
Is 2001751 prime?
True
Is 102222011 a composite number?
True
Is 4830457 a prime number?
False
Is 1025143 a prime number?
False
Is 5399909 prime?
False
Is 22979833 a composite number?
False
Is 18627577 composite?
False
Is 2281354 prime?
False
Is 13966823 a composite number?
True
Is 82079113 prime?
True
Is 27737729 a prime number?
False
Is 24972313 prime?
False
Is 14173879 prime?
False
Is 5255303 a prime number?
True
Is 454876469 composite?
False
Is 1089727 a prime number?
False
Is 3907945 composite?
True
Is 12501266 a composite number?
True
Is 42790007 composite?
True
Is 32078237 a composite number?
True
Is 422273 a composite number?
True
Is 2797303 prime?
True
Is 832819 composite?
True
Is 42332479 composite?
True
Is 270559 composite?
True
Is 2558253 a composite number?
True
Is 32191021 prime?
False
Is 51307561 prime?
True
Is 6055477 a prime number?
True
Is 1980491 a prime number?
True
Is 2011043 composite?
True
Is 129923 prime?
False
Is 32447309 a prime number?
True
Is 2012279 a composite number?
True
Is 367385 a composite number?
True
Is 846383 a prime number?
True
Is 22408583 a composite number?
False
Is 47684369 a prime number?
False
Is 37049377 a composite number?
True
Is 568049 a prime number?
True
Is 79497629 a composite number?
False
Is 972551374 a composite number?
True
Is 2225759 composite?
True
Is 94370909 a composite number?
True
Is 13695529 a composite number?
True
Is 2752934 prime?
False
Is 6450211 composite?
False
Is 115200213 a prime number?
False
Is 503957 prime?
False
Is 157366211 a prime number?
True
Is 623913371 a prime number?
True
Is 75201751 a prime number?
True
Is 6055123 a prime number?
False
Is 353323 composite?
True
Is 5882923 composite?
False
Is 21658607 a prime number?
True
Is 33455815 a composite number?
True
Is 220641349 prime?
True
Is 925063 composite?
False
Is 14723107 a composite number?
True
Is 15284977 prime?
False
Is 494005 prime?
False
Is 872635 composite?
True
Is 69290681 composite?
False
Is 384795143 a prime number?
True
Is 276337951 prime?
True
Is 861571 a composite number?
False
Is 4656239 prime?
False
Is 20392241 a composite number?
False
Is 8184347 prime?
False
Is 71524753 prime?
True
Is 844267 a prime number?
False
Is 316993 composite?
True
Is 698669 a prime number?
True
Is 7752146 a prime number?
False
Is 71157893 a prime number?
True
Is 2223079 a prime number?
True
Is 931813 a prime number?
False
Is 11264861 a prime number?
True
Is 7074271 a prime number?
False
Is 14271511 composite?
True
Is 9431743 prime?
True
Is 92459811 prime?
False
Is 700423 composite?
False
Is 1304357 composite?
False
Is 7245863 a prime number?
True
Is 12836891 a composite number?
True
Is 344568502 composite?
True
Is 6435421 composite?
True
Is 22119473 prime?
True
Is 63196085 a prime number?
False
Is 33613513 a composite number?
True
Is 426661 prime?
True
Is 359494246 prime?
False
Is 11167439 a prime number?
True
Is 1398520801 composite?
False
Is 16831589 a prime number?
False
Is 215713 a composite number?
True
Is 156502171 composite?
True
Is 63868801 composite?
False
Is 116162203 prime?
False
Is 276739 composite?
False
Is 6497683 a composite number?
False
Is 987359 composite?
True
Is 1335629 prime?
False
Is 79290643 a prime number?
True
Is 2165699 a composite number?
True
Is 209767 a prime number?
True
Is 2386753 prime?
True
Is 123749421 a composite number?
True
Is 15706087 a composite number?
False
Is 79352627 a composite number?
False
Is 51692411 prime?
False
Is 2799361 composite?
False
Is 143764561 prime?
True
Is 74845271 composite?
True
Is 1337053 a prime number?
False
Is 152788763 composite?
False
Is 82517117 composite?
True
Is 35590001 prime?
True
Is 18011329 a composite number?
True
Is 8056963 prime?
False
Is 138049 composite?
True
Is 10958569 a prime number?
False
Is 6941149 a composite number?
False
Is 3094027 composite?
False
Is 19106734 a composite number?
True
Is 1938899 a prime number?
False
Is 14477887 prime?
False
Is 24088171 a composite number?
False
Is 2207847 a composite number?
True
Is 75252361 a composite number?
True
Is 98149451 a composite number?
False
Is 3468163 a composite number?
False
Is 18697661 a prime number?
True
Is 815041 a prime number?
False
Is 23969689 a composite number?
True
Is 5698663 a composite number?
True
Is 144584521 a prime number?
True
Is 320695373 composite?
False
Is 5647073 a prime number?
False
Is 1153847 a composite number?
True
Is 11501195 a prime number?
False
Is 13804159 a prime number?
False
Is 84173519 composite?
True
Is 1502315 prime?
False
Is 57429227 prime?
False
Is 45122197 a prime number?
False
Is 8070061 a composite number?
False
Is 349618201 composite?
False
Is 603330113 a prime number?
True
Is 23244889 a prime number?
True
Is 94816771 composite?
True
Is 22887643 prime?
False
Is 28874765 prime?
False
Is 8437334 a composite number?
True
Is 52426741 composite?
True
Is 4222367 composite?
False
Is 720161677 a prime number?
False
Is 3450197 prime?
True
Is 126143107 composite?
True
Is 35831191 a composite number?
True
Is 966727 composite?
False
Is 47812853 composite?
True
Is 2654581 prime?
True
Is 37068631 composite?
False
Is 178300937 a composite number?
False
Is 13834049 composite?
False
Is 134053 composite?
False
Is 68184581 a prime number?
False
Is 260748157 composite?
False
Is 29916173 a prime number?
False
Is 12397859 composite?
False
Is 62439127 a prime number?
True
Is 23330449 a prime number?
True
Is 9020587 prime?
True
Is 18946007 a prime number?
False
Is 469896971 prime?
True
Is 31969459 a composite number?
True
Is 2970893 a composite number?
False
Is 39255721 a prime number?
True
Is 511135799 composite?
True
Is 4657139 prime?
False
Is 209680043 prime?
True
Is 834429 composite?
True
Is 5277539 a composite number?
False
Is 237716093 prime?
False
Is 4174647 composite?
True
Is 77657609 prime?
False
Is 1730933 a composite number?
True
Is 5059697 composite?
False
Is 77560655 a composite number?
True
Is 247176341 a prime number?
False
Is 1413169 a prime number?
True
Is 1880279 prime?
False
Is 2221073 prime?
False
Is 52862393 a composite number?
False
Is 246787285 a prime number?
Fa